3 - v**2 - 18*v. What is the tens digit of s(8)?
5
Let b(g) = -4*g + 435. Let z be b(0). Let q = z - 264. What is the hundreds digit of q?
1
Let v(q) = 3*q**3 - 3*q**2 + 2*q - 4. Suppose 3*g + 4*g = 28. Suppose -8*f + g = -7*f. What is the hundreds digit of v(f)?
1
Suppose 0 = -4*s + 5*s + 10. Let f = 9 + s. What is the hundreds digit of (882/(-4))/f + 3/(-2)?
2
Suppose 0 = 6*b + 7*b - 65. Suppose 3*j = 3*s + 63 - 540, -3*s + b*j + 467 = 0. Let d = s - -32. What is the hundreds digit of d?
1
Let n(j) = 19*j**2 + 6*j - 5*j**3 - 2*j - 21 + 10*j**3 - 3*j**3 - 3*j**3. What is the hundreds digit of n(8)?
7
What is the hundreds digit of (1164/10)/(((-164)/280)/(-41))?
1
Suppose -46*k = -51*k + 25. Suppose j + 295 = k*p, p = j + 71 - 16. What is the units digit of p?
0
Suppose -7*h - 5*h - 3*h = -95460. What is the units digit of h?
4
Let h = -1732 - -981. Let g = h - -879. What is the tens digit of g?
2
Let n(t) = -15*t - 166. Let m be n(-11). What is the hundreds digit of 686 - m - (-4 + 3)?
6
Suppose 7*h = 20*h - 7*h. Suppose h = 4*l - 14*l + 4230. What is the units digit of l?
3
Let m be 530/60 + (-2)/(-12) - 1. Suppose 2*s = -5*u + 479, -5*u + m*u - 300 = 3*s. Suppose -93*j + u*j - 120 = 0. What is the tens digit of j?
3
Let z = -194 + 197. Suppose -2*x = 4*d - 772, -z*d = -4*x - 794 + 215. What is the tens digit of d?
9
Let v = 44 + -102. Let l = -167 - v. Let k = -17 - l. What is the units digit of k?
2
Let l = 1 + 3. Suppose 0 = c - 0 - l. Suppose -6 = 3*h, 5*x - c*h + h - 131 = 0. What is the tens digit of x?
2
Suppose 12 = -12*u + 14*u. Let p(j) = -j**3 - 7*j + 11. Let b be p(u). Let f = 389 + b. What is the hundreds digit of f?
1
Let i(r) = -13*r**3 + 5*r + 6. Let b be i(-2). Suppose 0*x + 3*q + 40 = -2*x, 5*x - 2*q + b = 0. What is the units digit of -11*((-2)/2)/((-2)/x)?
0
Suppose 4*z + 27*x = 24*x + 18288, -5*x + 18288 = 4*z. Suppose -4*c + 0*u + 5*u + z = 0, -4*u = -5*c + 5715. What is the thousands digit of c?
1
Suppose 3*b - b - 3*x - 12 = 0, -3*b = -4*x - 18. Suppose -4*a + 10 = -b. Suppose -a*n + 124 = 2*p - 8*n, -2*n + 46 = p. What is the units digit of p?
4
Suppose -b = 2*s + b + 2, -2*s + b + 7 = 0. Suppose 8 = 4*p + 4*m, -10 = -s*p + 3*m - 2*m. Suppose -4*j + 8 = p. What is the units digit of j?
1
Suppose -5*n + 4 = -3*h, 4*n - h = -3*h + 12. Suppose -2 = -4*s + n, -5 = -2*l + s. Suppose 157 + 170 = l*r. What is the units digit of r?
9
Suppose 10*j - 26389 = 3961. Suppose 7*y + j = 12*y. Suppose 4*v = y - 139. What is the hundreds digit of v?
1
Suppose 61*l - 175247 = 32*l. What is the hundreds digit of l?
0
Suppose -42*o - 14575 = -44*o + j, 5*j + 36435 = 5*o. What is the units digit of o?
8
Let x be -5 + (-588)/(42/(-6)). Suppose -2*d - 5*o = -953, d = 3*o + 403 + x. What is the hundreds digit of d?
4
Let u = -403 + 699. Let k be 2/(-8) - 839/4. Let o = u + k. What is the tens digit of o?
8
Suppose 2*a + 754 = -19*x + 22*x, -4*a + 5*x = 1508. Suppose -3*c + 741 = -4*q, 2*q = 6*c - c - 367. Let v = q - a. What is the hundreds digit of v?
1
Let r(b) = 1269*b**2 - 6*b + 1. Let n(u) = 3810*u**2 - 19*u + 3. Let d(z) = -2*n(z) + 7*r(z). What is the tens digit of d(-1)?
6
Suppose v + 2*y = 15, -5*v - 4*y + 36 + 15 = 0. Suppose 0 = -12*g + v*g - 75. What is the tens digit of -3*9/15*g?
2
Let v = 2452 + 249. What is the tens digit of v?
0
Let r = -180 - -101. Let c = 40 + r. Let x = 72 + c. What is the units digit of x?
3
Let p(v) = 2*v**3 - 2*v**2 - v + 31. Let t be (20/(-25))/((-2)/10). Suppose -2*s - a = -4, -5*s = a - 0*a - t. What is the tens digit of p(s)?
3
Suppose -3*r = 4*u + u - 14133, 3*u - r - 8477 = 0. What is the tens digit of u/12 + 1/(-8)*-4?
3
Let x(q) = 74 + 8 + 83*q + 11 + 35*q. What is the hundreds digit of x(4)?
5
Suppose 0 = -2*x - 4, 5*p - 6*x = -2*x + 33. Suppose -3*a + 125 = m - 172, p*m - 3*a = 1575. What is the units digit of m?
2
Let p be (-9 + -2 + 6)*(-2 - -1). What is the hundreds digit of -94*18/(-4) + -3 + p?
4
Let c(y) = -46*y + 69*y - 9 + 160*y - 190 - 12. What is the units digit of c(8)?
3
Let u(m) = -4*m - 62. Let s be u(-16). Suppose 2*h + 2943 = 5*p, -s*p + 958 = -4*h - 232. What is the hundreds digit of p?
5
Let h(b) = b**2 - 8*b - 2682. What is the ten thousands digit of h(134)?
1
Suppose 0 = -i - 5*f - 31, i + 3*f + 29 = 6. Let g(n) = 24*n - 13. Let w(c) = -c**2 + 48*c - 27. Let r(b) = 7*g(b) - 3*w(b). What is the tens digit of r(i)?
8
Let h = 1 - -107. What is the units digit of (-2870)/(-8) - (h/16)/9?
8
Let y(o) = 46*o - 2*o - 5440 + 5482. What is the hundreds digit of y(9)?
4
Suppose -75*j + 200*j - 4289877 = 5617123. What is the tens digit of j?
5
Let l(a) be the first derivative of -a**4/4 - 14*a**3/3 - 19*a**2/2 + 3*a - 5. Let q be l(-13). Let h = q - 33. What is the tens digit of h?
4
Let p(w) = 418*w**3 - 2*w**2 - 11. Let g be p(3). Suppose g = 5*n + 2532. What is the thousands digit of n?
1
Let j = -61 - -89. Suppose 14 = 3*o - j. What is the tens digit of (-2286)/(-63) - 4/o?
3
Let h be 448/15 + 26/195. Let b = 32 - h. Let y(q) = 21*q - 1. What is the units digit of y(b)?
1
Let g = 5521 + 9483. What is the hundreds digit of (-38)/(-133) + (-1 - g/(-14))?
0
Suppose 2*a + 4*n - 23 = 3*n, 3*n + 12 = 3*a. Suppose -a*j + 13*j - 1308 = 0. What is the units digit of j?
7
Let i(v) = 1359*v + 496. What is the units digit of i(14)?
2
Let r be (2/6)/((-1)/(-15)). Suppose 4*l = -5*x + 72, 2*l - 55 = -5*x - 9. Suppose r*d = l*d - 1096. What is the units digit of d?
7
Let m(s) = -2*s**3 - 43*s**2 + 11*s + 8. Let n(t) = -t**3 - 21*t**2 + 5*t + 3. Let f(j) = -3*m(j) + 5*n(j). What is the thousands digit of f(-10)?
1
Let y(m) = 34*m**2 + 8*m - 16. Let c be y(6). Suppose -4*d - 944 + 3456 = -4*h, -2*d + 5*h + c = 0. What is the units digit of d?
8
Let v = 119 - 127. Let c = 146 - v. What is the tens digit of c?
5
Let a(j) = 2*j**3 - 72*j**2 - 74*j - 145. What is the units digit of a(41)?
1
Let q(w) = 37 + 42*w**2 + 7*w + 34*w**2 + 9*w - 60*w**2. What is the tens digit of q(-5)?
5
What is the thousands digit of ((-84668)/(-20) + (-39)/13)*(-15)/(-6)?
0
Let j = -419 - -425. Suppose -2100 = -j*q - q. What is the tens digit of q?
0
Let g = -22519 - -42090. What is the ten thousands digit of g?
1
Suppose -15*p + 10*p - 4*s + 129704 = 0, 14*p = 5*s + 363155. What is the hundreds digit of p?
9
Let k(t) = t**3 + 10*t**2 + 11*t + 13. Let m(y) = -8*y - 9. Let h be m(0). Let x be k(h). What is the hundreds digit of ((-3)/(-2))/(x/(-520))?
1
Suppose -255*o + 35*o = -6749820. What is the units digit of o?
1
Let c = -272 - -275. Suppose -x + 2*u + 2516 = 2*x, -c*x = -5*u - 2519. What is the tens digit of x?
3
Suppose 5*t + 5*d = -255 - 155, -4 = 4*d. What is the hundreds digit of -3*6/(-81) - 51903/t?
6
Suppose 29*v - 110503 + 11709 = 2387. What is the units digit of v?
9
Let l(o) be the third derivative of o**6/180 + o**5/60 - o**4/12 - 5*o**3/6 - 7*o**2. Let n(c) be the first derivative of l(c). What is the tens digit of n(8)?
4
Suppose 1482935 + 1754792 = 139*t + 947702. What is the units digit of t?
5
What is the tens digit of (-750)/(-45)*(33054/35)/1?
4
Suppose 44*z = 483 + 705. Let u = 68 - 36. Let m = u - z. What is the units digit of m?
5
What is the tens digit of ((-44)/20)/((-20)/66900)?
5
Let u(n) = n**2 - 3*n - 7. Let h be u(-2). Let i(v) = -23*v**2 + 3*v - 3. Let j be i(h). Let m = -80 - j. What is the units digit of m?
1
Suppose 36*a + 265294 = -2*a + 868962. What is the tens digit of a?
8
Suppose 140*a - 23368 = 136*a + 16064. What is the hundreds digit of a?
8
What is the ten thousands digit of 8840/102*2169/5?
3
Suppose 4*y - 4*j = 4, -10*j = -4*y - 8*j - 2. What is the units digit of ((-12)/(-10))/(y/(3960/(-9)))?
4
Let m = -30 - -33. Suppose 5*n - 8 = -23. What is the units digit of 2 - (-187 - (m + n))?
9
Let s(v) = 52*v**2 - 3*v - 4. Let t be 6/(-36) + (-44)/24. Let r be s(t). What is the tens digit of (r/12)/((-1)/(-2))?
3
Let t = 6 + -6. Let m(c) = c**3 + 4*c**2 + 3*c + 4. Let l be m(-3). Suppose f + l*f - 485 = t. What is the tens digit of f?
9
Suppose 22*d - 4*d - 139217 = 65641. What is the hundreds digit of d?
3
Let u = 5192 - -4870. What is the tens digit of u?
6
Suppose 96620 = 5*d - o, 96640 = -146*d + 151*d + 3*o. What is the ten thousands digit of d?
1
Let t be 7/42 - (-77)/4